ase 16) in base 2?
-1101011111010010111
-1c7c4 (base 16) to base 12
-57630
Convert -1011221 (base 7) to base 6.
-2325522
Convert 21090a0 (base 11) to base 6.
211352530
What is -7d189 (base 14) in base 6?
-10311325
-2767781 (base 9) to base 12
-61449a
Convert -3812784 (base 10) to base 11.
-2174668
What is -357447 (base 13) in base 11?
-79a2aa
What is -211103133 (base 4) in base 6?
-3135223
Convert 115ab1c (base 13) to base 16.
51dc19
-4123b27 (base 12) to base 11
-6a00968
What is 803635 (base 9) in base 12?
1aab35
Convert 2c70c (base 16) to base 2.
101100011100001100
Convert 188939 (base 10) to base 8.
561013
What is -26106 (base 8) in base 11?
-8574
9c915 (base 13) to base 5
33104302
What is -5588502 (base 9) in base 16?
-2df269
-24a5170 (base 11) to base 5
-2102344324
What is 2031114412 (base 5) in base 16?
3f7c5f
What is -1412341400 (base 6) in base 11?
-9787360
What is 5615022 (base 10) in base 8?
25326656
28a42b (base 12) to base 14
13a4a7
Convert 2121102021 (base 4) to base 3.
1011220020200
What is 232127 (base 12) in base 10?
563503
Convert 774206 (base 8) to base 11.
168573
What is -7a3cb (base 14) in base 8?
-1104237
Convert -18a2990 (base 11) to base 4.
-30033233311
8336621 (base 9) to base 8
20771565
-13121220020 (base 4) to base 8
-7315010
111220220 (base 4) to base 13
31448
Convert -36413145 (base 7) to base 8.
-14306237
efbf40 (base 16) to base 15
15a565e
What is -10153342 (base 6) in base 13?
-a4354
-1413012103 (base 5) to base 13
-9a6667
60211 (base 10) to base 6
1142431
-16911 (base 11) to base 10
-23728
Convert -c1b2 (base 13) to base 5.
-1323203
Convert 110101001011100001 (base 2) to base 9.
361717
1602005 (base 7) to base 10
219182
-1010011100001001000101 (base 2) to base 12
-abb8b1
What is 21073 (base 9) in base 2?
11011001011101
What is -c291 (base 15) in base 13?
-15916
What is -417715 (base 9) in base 14?
-6677b
Convert bac782 (base 14) to base 7.
104562222
What is 218566 (base 9) in base 5?
13142311
Convert 18553c (base 16) to base 2.
110000101010100111100
What is 444204231 (base 5) in base 14?
3887da
-1066354 (base 7) to base 6
-2513431
What is -143121311 (base 5) in base 8?
-2701625
Convert -221a18 (base 16) to base 2.
-1000100001101000011000
What is 1b904c (base 14) in base 4?
3300201030
What is 2002a (base 15) in base 8?
305652
-368d7c (base 14) to base 3
-10111221012121
What is 25531 (base 11) in base 10?
36576
Convert 201131213 (base 4) to base 13.
4a504
Convert 20120120111 (base 3) to base 2.
11111100110101011
What is 3020334 (base 6) in base 4?
202311202
44439 (base 11) to base 14
19690
Convert 17016 (base 11) to base 14.
8a47
Convert -321220321332 (base 4) to base 14.
-2014686
Convert 327501 (base 8) to base 11.
75a45
What is 221748 (base 15) in base 2?
110001100101110111010
3a47e (base 15) to base 2
101101100100010100
-b11623 (base 13) to base 2
-1111101100111000111000
What is 12200112201 (base 3) in base 10?
111934
1033244 (base 6) to base 11
3559a
-1242974 (base 10) to base 16
-12f75e
213203332201 (base 4) to base 6
1010141441
23144022 (base 7) to base 16
1ef138
What is -1266616 (base 7) in base 2?
-101001000001100010
What is -11102220012 (base 3) in base 4?
-111111230
23013447 (base 8) to base 12
1805973
Convert 1534520 (base 7) to base 10.
210518
What is -1145502 (base 7) in base 16?
-23a66
-33310233 (base 4) to base 14
-19899
What is 110222012012 (base 3) in base 13?
8c279
What is -9b991 (base 15) in base 5?
-111314121
Convert 2000012213 (base 4) to base 8.
2000647
1c2bd9 (base 14) to base 11
628348
101101111010001010100 (base 2) to base 16
16f454
What is 1000011010110011 (base 2) in base 3?
1202022011
Convert 12034415 (base 7) to base 15.
1614ee
Convert -53656644 (base 7) to base 2.
-10001011111100110100101
What is -3546345 (base 7) in base 16?
-6d938
-18246257 (base 9) to base 14
-1310a31
-18617 (base 11) to base 6
-320305
4030654 (base 7) to base 2
1110100101110110100
292914 (base 10) to base 4
1013200302
What is 20541600 (base 7) in base 11?
a8a347
-11110110001100000 (base 2) to base 3
-20101220110
What is -a0302 (base 13) in base 9?
-475430
Convert -b81bcc (base 15) to base 8.
-41335407
-24ca3 (base 13) to base 15
-15281
Convert -203040444 (base 5) to base 13.
-23118a
Convert 2210102112 (base 3) to base 12.
279a2
What is 301132331 (base 4) in base 8?
613675
What is -33212563 (base 7) in base 3?
-12101022221221
-110010110110111011100 (base 2) to base 6
-55415220
Convert -3012112321 (base 4) to base 9.
-1467447
-3ac85 (base 14) to base 11
-9a071
-171453 (base 11) to base 6
-5404431
10010000111000001101000 (base 2) to base 4
102013001220
Convert -1110001111101000110 (base 2) to base 14.
-c215c
What is 22443023 (base 6) in base 5?
134041020
What is -124041241 (base 6) in base 10?
-2431609
Convert -157352 (base 13) to base 10.
-530051
What is -94b64 (base 13) in base 6?
-5423414
What is -204118 (base 10) in base 9?
-340887
What is -76167 (base 10) in base 16?
-12987
What is 1112222101111 (base 3) in base 6?
25413104
3171756 (base 8) to base 6
30105554
Convert -433133344 (base 5) to base 13.
-4c9920
What is -b874c (base 15) in base 9?
-1082160
Convert -15e6d (base 16) to base 13.
-31aa9
Convert bd15 (base 15) to base 13.
15314
Convert 26a200 (base 12) to base 10.
639648
Convert -114133310 (base 5) to base 8.
-2030201
What is -11fe75 (base 16) in base 10?
-1179253
1164630 (base 9) to base 14
126b09
Convert 1110011101111100 (base 2) to base 16.
e77c
-1011012101002 (base 3) to base 9
-1135332
Convert -102110212201222 (base 3) to base 9.
-12425658
Convert -4214141 (base 6) to base 12.
-9a351
2462354 (base 7) to base 5
40132204
What is 4140300 (base 6) in base 5?
22342232
10101110000200 (base 3) to base 15
258499
Convert 2309b8 (base 13) to base 4.
3022213311
-3a7204 (base 13) to base 16
-15982a
Convert -2002212012111 (base 3) to base 8.
-4211673
436514 (base 11) to base 16
aa19d
-25929b3 (base 13) to base 7
-202033115
What is -825094 (base 12) in base 10?
-2040880
-2343210 (base 5) to base 3
-2012202011
Convert -1567582 (base 11) to base 2.
-1010001100111111110010
Convert -22001002221211 (base 3) to base 6.
-231332034
Convert 239659 (base 13) to base 14.
181642
-4e940 (base 16) to base 6
-10522024
-83037 (base 12) to base 9
-280647
220201001012 (base 3) to base 9
821035
-11400335 (base 6) to base 10
-357827
Convert -269d3f (base 16) to base 11.
-1479327
2d883 (base 14) to base 2
11011111000001011
2530424 (base 6) to base 10
136240
Convert 2116b (base 15) to base 6.
2125515
Convert 34013330 (base 5) to base 2.
1001000101111101101
What is 101002101222 (base 3) in base 12?
96b08
-2425406 (base 7) to base 12
-12ab65
What is 350511303 (base 6) in base 11?
3725879
Convert 166202 (base 7) to base 11.
23088
What is 133221011 (base 4) in base 11?
89413
-83698 (base 11) to base 9
-205254
Convert -133530014 (base 6) to base 11.
-15861a9
12f4b (base 16) to base 5
4441033
Convert -62d6 (base 14) to base 10.
-17044
-2145007 (base 9) to base 15
-17b437
What is -1021020220000 (base 3) in base 5?
-133033434
20100545 (base 6) to base 2
10001010101000110001
21366205 (base 8) to base 11
264aa1a
Convert -801938 (base 11) to base 9.
-2376658
Convert -4b4aa1 (base 13) to base 12.
-733514
-6da5c (base 15) to base 12
-14a636
-1221101211202 (base 3) to base 2
-11111011110011111100
What is 10001000000100001101011 (base 2) in base 9?
8345043
11201310 (base 4) to base 8
54164
What is 1511841 (base 10) in base 4?
11301012201
Convert -78434 (base 9) to base 12.
-261aa
-14426477 (base 9) to base 11
-4052594
Convert -400141535 (base 6) to base 11.
-3888808
-1bd2b0 (base 16) to base 10
-1823408
124742 (base 10) to base 3
20100010002
Convert 2044430 (base 6) to base 16.
184c2
110010100101101001 (base 2) to base 8
624551
-19d40d (base 14) to base 9
-1652043
What is 82a0 (base 11) in base 15?
33d5
What is -3572a5a (base 11) in base 13?
-13a004c
298954 (base 12) to base 14
142ca4
-72e9b (base 15) to base 3
-200111220002
1082a4 (base 11) to base 7
1314422
What is 12203013200 (base 4) in base 14?
32989a
What is 581c5 (base 15) in base 6?
10002435
1220336 (base 8) to base 14
8a6aa
What is -444218 (base 12) in base 16?
-109034
Convert 10011011010010011111 (base 2) to base 6.
21344423
-331565 (base 8) to base 9
-178823
367506 (base 8) to base 7
1